 composite?
False
Let t = 104506 - -10551. Is t a prime number?
True
Suppose 33*i = -20*i + 7329317. Is i composite?
False
Let p(w) = -2014*w + 397. Is p(-4) prime?
False
Let i = 61 + -54. Let x be i - (-2)/1*-1. Suppose 3*n + 4*a - 12325 = 2*a, -2*n = x*a - 8213. Is n a composite number?
True
Let k(o) be the second derivative of 232*o**3/3 + 143*o**2/2 - 192*o. Is k(7) composite?
False
Let b be (-4 - -9)/5 - 0/(-1). Is b/(-2) + 1/(12/17010) a prime number?
False
Let w(u) = 3*u**2 + 7*u + 2. Let f be w(-2). Suppose -38*n + 93335 + 49659 = f. Is n a composite number?
True
Let s(w) be the first derivative of w**7/840 + w**6/72 - 3*w**5/40 - w**4/3 + w**3 + 4. Let m(r) be the third derivative of s(r). Is m(-5) composite?
False
Let k be 3/18 - 0 - (-9102)/36. Let d = k - -547. Suppose -6*b + 2722 = -d. Is b a prime number?
True
Let z = 313847 + -162654. Is z prime?
False
Let g(f) be the second derivative of 6287*f**4/12 + f**3/2 - 3*f**2/2 + f - 35. Is g(1) prime?
True
Let c be (-4)/((-16)/(-4052)) - 2. Let s = c - -201. Is (-15)/(-5) - 2 - s composite?
True
Let k = -22370 + 35040. Let h = k + -5391. Is h a prime number?
False
Let q be 22/7 - 1/7. Suppose 0 = -f + 3*f + q*g - 183, 3 = g. Is (-4 - f/(-9))*(10 + -1) a prime number?
False
Suppose -7*x - 6 = -6*x, 3*b = -2*x + 88119. Is b a composite number?
True
Let n be 6*2*(0 + (-7075)/(-20)). Suppose 2*d - n = -3*h + 2*h, d - 2139 = 5*h. Suppose -4*s + 5600 - d = 0. Is s a prime number?
False
Let d be 5808/20 + (-3)/(-5). Suppose 3*z = -5*w + 433, -170 - d = -5*w + 4*z. Is w composite?
False
Let n be (-1 - 57/6)*-38. Let v = 2416 - n. Is v a composite number?
False
Suppose -18 - 51 = -3*x. Let z = x + -23. Suppose -2*i + 88 + 30 = z. Is i a composite number?
False
Suppose 94*s - 14164233 - 544872 = 3767817. Is s a composite number?
True
Let m = 21 - 13. Suppose -13*n = -6*n + 2*n. Suppose n = 5*v - u - 5020, 3*v = m*v - 2*u - 5025. Is v prime?
False
Suppose -3*k - 12*a + 809628 = -9*a, -539761 = -2*k + a. Is k a prime number?
True
Let i(v) = -v - 7. Let d be i(-9). Suppose d*m = 25806 + 8870. Is m a composite number?
True
Suppose -79*z + 84*z - 4*x - 520361 = 0, -z - 5*x = -104049. Is z prime?
False
Suppose -9*t + 27 = -0. Suppose 10914 = t*p - 3*i, i = -7*p + 12*p - 18202. Is p a composite number?
True
Suppose 18*f = -12*f - 4*f + 848402. Is f a prime number?
True
Let k(y) = 2*y + 2059. Suppose 9 + 0 = 3*i. Suppose 0 = 3*m - 2*m - c - i, 3*m - 12 = 4*c. Is k(m) a prime number?
False
Let o be (18/4)/((-302334)/60468 + 5). Let s = o + -29102. Is s a composite number?
False
Let p be ((-2574)/(-12))/(6/8*-1). Let z = -95 - p. Is z prime?
True
Let g(k) = 8*k**2 - 203*k + 400. Is g(-181) composite?
True
Let h be (5/4)/((-1)/4). Let f be h - 2/(2/(-7)). Let n(a) = 1214*a - 1. Is n(f) composite?
True
Let d(l) = 184*l**2 + 101*l - 1940. Is d(19) a prime number?
True
Let y be 2/9 + (-2929114)/(-927). Suppose -5*u + 7 = -13. Suppose u*t = -4*t + y. Is t composite?
True
Let x = 77 - 128. Let b be x/34*(-4)/3. Suppose -4386 = -5*d - n, -6*d + 4*d + b*n = -1752. Is d prime?
True
Let c be 893/((4/(-7))/4). Let z = -2290 - c. Is z composite?
True
Let l = -32131 - -45896. Is l a composite number?
True
Suppose -5*m + 5*q - 30 = 0, 13 = -5*m + 2*q - 2. Suppose z = 2*p - 8 + 19, 5*p + 27 = 2*z. Is 253 - (m/(-1) - z) a prime number?
False
Let r(g) = 3*g**2 - 8*g - 2*g**2 - 221 + 185. Let b be r(12). Suppose 0 = d - b*d + 61633. Is d a composite number?
True
Suppose c = 2*c - 172567 + 29474. Is c composite?
False
Let q = -22 + 24. Let x be -3*(-4)/24*q*3. Is x/(-72)*-4 - (-5818)/12 a composite number?
True
Let u(v) be the first derivative of v**3/3 - 11*v**2 - 8*v + 13. Let a be u(-20). Let f = a - 393. Is f a prime number?
True
Let j = 450 - 448. Suppose 2*z + 4*n - 574 = 0, 3 = j*n + 11. Is z a composite number?
True
Suppose 0 = -7*v - 2*v + 4*v. Suppose j + 3*j + 2*j = v. Let t(r) = r**2 - 3*r + 415. Is t(j) a prime number?
False
Let z = 74655 - -58466. Is z composite?
False
Let v(c) = 2*c**3 + 5*c - 166. Let i be v(0). Let l = i + 465. Is l a composite number?
True
Let k(d) = 412*d - 361. Is k(12) a prime number?
True
Let u = -128 + 144. Suppose 0 = -u*j + 12*j + 14172. Is j prime?
False
Let j = 107 - 115. Is ((-382)/j)/((-5)/(-20)) a prime number?
True
Let j(w) = 51281*w**2 - 282*w - 18. Is j(5) a composite number?
False
Let i = 534747 - -507934. Is i a prime number?
True
Suppose -20 = -4*s - 0*s. Let i(m) = -m**3 + 10*m**2 - 8*m - 7. Let k be i(9). Suppose 0 = s*b + 10, k*y - 7*b - 682 = -3*b. Is y a composite number?
False
Let r be 2 + -6*2/18*3. Suppose r*u = 26*u - 17498. Is u prime?
True
Let t(q) = 110*q**2 - 37*q + 297. Is t(-56) composite?
False
Suppose 26*b = -4*q + 25*b - 47, -32 = 4*q - 4*b. Is (-2 + 1)*(q + -4608) a composite number?
True
Let r = -262 - -269. Suppose 6*a + 3746 = r*a + 3*b, -4*a - 4*b = -15024. Is a composite?
False
Suppose v = 20 - 16. Suppose 3*a - 2*z - 1 = 0, 0 = v*a - 0*z - 4*z - 4. Let x(r) = -640*r**3 + r**2 - r - 1. Is x(a) composite?
False
Suppose 4*x + 2*p = -44, -3*p - 54 = 4*x + x. Let h(w) = -4*w - 41. Let u be h(x). Is (742/(-4))/((21/(-6))/u) a composite number?
True
Let o = -25 - -30. Suppose o*c + 8 = 23. Is 2/3*(c + 465/2) prime?
True
Let i = 50097 + 79856. Is i a composite number?
False
Suppose -h + 4*r = -72, -h - 2 = 3*r - 39. Suppose -h*j + 62*j = 27330. Is j a prime number?
False
Let i(m) = -29*m + 101. Let k be i(-19). Suppose -3*c + 1038 = q - k, -5*q + 5*c + 8370 = 0. Is q a prime number?
False
Let i = -29 + 88. Let h = i + -71. Is h/20 + (-34248)/(-30) prime?
False
Let x be (25 + -22)/((-3)/8). Is (-9118)/4*4*4/x prime?
False
Suppose 2*n + f - 37623 = 0, f - 8749 = -n + 10065. Is n composite?
True
Let h(u) = 1202*u**2 - 28*u - 3. Is h(1) prime?
True
Let p(u) = -1043*u - 8. Let z(q) = -q**3 + 5*q**2 - 2*q - 13. Let x be z(4). Is p(x) a composite number?
True
Let a be 4/(1 + 3)*-32. Let z = a + 34. Suppose 5*v + o - 325 = 0, -4*v + 66 + 194 = -z*o. Is v prime?
False
Suppose 0*l = -l + 19. Let a = 22 - l. Suppose 3*h - 3356 = 5*o, -a*o - o - 1121 = -h. Is h a composite number?
False
Suppose -27*w - 4*w + 190309 = 0. Suppose 0 = 5*c + 4*q - w, -q = 5*c + q - 6137. Is c prime?
False
Suppose 0 = 4*j - 3*b - 63240, 5*b - 4854 = -2*j + 26740. Is ((-1)/(6/j))/((-7)/14) composite?
True
Suppose 555475 = 14*a + 148901. Is a prime?
False
Suppose -3*d = -7*d - 8. Let w be (0/(-11))/(d + 1). Suppose w = -4*r + 4*n + 1532, -299 = 5*r + 2*n - 2200. Is r prime?
False
Suppose -94*f - 13634955 - 24566110 = -129*f. Is f prime?
True
Let p be -3 - ((-2 - -3)*-3 + -3). Suppose -3*x + 5*b = -2182, 0 = -p*x - 4*b + 1500 + 637. Is x a composite number?
False
Suppose 249*m = 29*m - 48*m + 16758844. Is m a prime number?
True
Let v be (27/(-2))/(3/(-234)). Suppose -3*i + o + 231 + 183 = 0, 0 = 4*i - 4*o - 536. Suppose -u - i = -v. Is u prime?
False
Let y be 15/5 + 1 + -6. Let u(r) = 2*r**3 + 4*r**2 + 4*r. Let q be u(y). Let a(f) = -96*f + 1. Is a(q) prime?
True
Let t = -15056 - -29647. Is t a prime number?
True
Suppose 0 = 4*l + g - 542453, -79*l = -74*l - g - 678064. Is l composite?
False
Let w = 4 + -3. Let p be 12 - (w + 2/1). Suppose p*n - 5383 = 2*n. Is n composite?
False
Let r = -12 - -25. Let g be -3 + (-30)/(-6) - (-9559 - -7). Suppose r*f = 29381 + g. Is f composite?
True
Suppose 2*w + 3 = -2*c + 3*c, 2*c - w - 9 = 0. Suppose u = -2*u - c*p + 49108, -4*u + 65429 = -3*p. Is u prime?
True
Let g(o) = -o**2 - 13*o - 4. Suppose 4*k + 26 = 2*k. Let b be g(k). Is 2423 + 3 - b - 1 composite?
True
Let v(d) = 276*d + 19. Let c be v(5). Suppose -82 = -s + c. Is s a composite number?
False
Suppose 52 = 12*j - 25*j. Is 14209 - -107 - (j - 0 - 1) composite?
False
Let c(b) = 163*b**3 - b**2 + 6*b - 181. Is c(7) a prime number?
True
Suppose 0 = -a - 4*r + 10857, -10851 = -a - 5*r + 3*r. Is (3 - 0) + (a - 7) a composite number?
True
Let f(s) = -s**2 + 2*s + 1. Let b(o) = -526*o**2 + 2*o - 1. Let c(w) = -b(w) + 4*f(w). Is c(-2) composite?
False
Suppose 76*k - 27084 - 74528 = 0. Is k a composite number?
True
Let u(q) = -21*q**3 - 38*q**2 - 30*q + 38. Is u(-39) a prime number?
True
Suppose 243792 = 6*k + 3*m, 81254 = k + k - 4*m. Is k prime?
False
Suppose 0 = 15*u - 2673959 + 382844. Is u a com